02. Suppose 1844 = 3*a - c. List the prime factors of a.
3, 5, 43
Let r be (4 + -7)/(((-90)/(-8538))/5). Let d = -266 - r. List the prime factors of d.
13, 89
Let t be 4 - (270/9 + 1). Let j(d) = -48*d + 32. List the prime factors of j(t).
2, 83
Suppose 0 = 3*o - 8*o + 155. Let n = 34 - o. Suppose -3*p - 296 = -5*l, 3*l + n*p = 5*p + 178. List the prime factors of l.
2, 29
Suppose 46*a - 1425412 = 1619466. What are the prime factors of a?
37, 1789
Let z be 3/((-63)/1479) - 63/(-147). List the prime factors of (-1375)/10*364/z.
5, 11, 13
Suppose -444 = -2*i + 586. Suppose 3*s - 311 = 2*k, 8*s = 3*s + 5*k + i. Suppose -2*v - v - s = -m, 0 = 3*v. What are the prime factors of m?
3, 5, 7
Let l(c) = 18*c + 12. Let m(v) = -18*v - 13. Let f(z) = 6*l(z) + 5*m(z). Suppose -17 = -5*a + 2*p, 4*p + 0*p + 10 = 2*a. What are the prime factors of f(a)?
61
Suppose -7*k = -65 + 72. List the prime factors of ((-53)/(-1) - 3)/(k/(-6)).
2, 3, 5
Let t(i) = 1 - 1 - 3*i + 3*i**2 + 9*i + 2. Let n(c) = c + 1. Let o(u) = 2*n(u) + t(u). List the prime factors of o(4).
2, 3, 7
Let f = 148 - 145. Suppose f*x = -2*c + 1348, -2*x + 676 = -4*c + 5*c. List the prime factors of c.
2, 167
Let v = -95 + 54. Let c = -17 - v. Suppose c + 288 = 4*n. List the prime factors of n.
2, 3, 13
Let b(r) = -2*r + 25. Let y = 23 - 15. Suppose -2 - y = -2*x. List the prime factors of b(x).
3, 5
Suppose -20*u - 561728 = -151*u. List the prime factors of u.
2, 67
Suppose 494 = 3*n - 5*g, 162 = 17*n - 16*n - 3*g. What are the prime factors of n?
2, 3, 7
Let u = 24661 - 8121. List the prime factors of u.
2, 5, 827
Let z = 545 - 543. Suppose -p - 4*b + 396 + 1012 = 0, 0 = z*p + 4*b - 2836. List the prime factors of p.
2, 3, 7, 17
Let v(u) be the first derivative of -15*u**2/2 - 77*u - 51. What are the prime factors of v(-15)?
2, 37
Let q be (-5 - 0)*546/(-5). Let o = q + -148. What are the prime factors of o?
2, 199
What are the prime factors of -5 - 130/(-30) - 152058/(-18)?
8447
Suppose -29*l + 2960 = 8*l. Let u = 78 + -49. Let g = u + l. List the prime factors of g.
109
Suppose -18*x + 14681 = -8719. Suppose 0 = 2*w + 5*v - x, 5*w - 3250 = 14*v - 10*v. List the prime factors of w.
2, 5, 13
Let j = 450 + -446. Suppose -j*h + 604 = 2*t - t, 2*h - 2 = 0. What are the prime factors of t?
2, 3, 5
What are the prime factors of ((-10)/(-8))/((-49)/(-27636))?
3, 5, 47
Suppose 0 = -8*m + 14*m - 18. Suppose 0 = m*l - 5*l + 1532. List the prime factors of l.
2, 383
Let v be 4 + -2 - 2 - -2. Suppose -3*r + 16 = -c, v*c = 4*r - 13 - 7. Suppose 17 = r*x - 1. What are the prime factors of x?
3
Suppose 20*p - 77157 = 18243. List the prime factors of p.
2, 3, 5, 53
Let p be (-2)/(-4) - 34706/(-28). Suppose p = 11*i - 1433. What are the prime factors of i?
3
Suppose 23*t + 110990 = 324522. List the prime factors of t.
2, 11, 211
Suppose -3*l + 12 = -2*t - 33, 0 = -5*l - t + 75. Suppose 5*h - l = 10, 4*h = -2*i + 58. List the prime factors of i.
19
Let h(f) = -6*f**3 - f**2 + 1. Let m be h(1). Let i(z) = -z**3 + 2 + 3 - 3*z + 24*z**2 - 1 - 25*z**2 + 0. List the prime factors of i(m).
2, 101
Let w = -18087 - -32375. List the prime factors of w.
2, 19, 47
Let d(h) be the second derivative of h**4/6 + 7*h**3/3 - 5*h**2/2 + 37*h. List the prime factors of d(-12).
5, 23
What are the prime factors of 47/(893/114) + 4793?
4799
Suppose 0 = -0*k + 4*k - 4*r - 16, r + 4 = 5*k. List the prime factors of k - ((-185)/(-5))/((-2)/20).
2, 5, 37
Suppose -c + 2097 = -4*j + 9*j, 5*j + 2*c - 2094 = 0. Let g = -388 + j. List the prime factors of g.
2
Let v be 5 - (0 + 2) - -4. Suppose 4*k = y - 19, y - 3 = k + v. Let p(c) = 6*c + 29. What are the prime factors of p(y)?
71
Suppose -j + 143 = 146, -3*j - 37924 = -5*o. List the prime factors of o.
7583
Let w(b) = b - 6. Let t be w(11). Suppose 460 = 3*k + 4*f, -4*k + 586 = t*f - 26. List the prime factors of k.
2, 37
Let r = 76 - -53. Suppose -2*q + r = 17. List the prime factors of q.
2, 7
Suppose -43 = -5*c - m, -20 + 4 = -2*c - m. Suppose -c*o = -o - 4616. What are the prime factors of o?
577
Let s = 1858 - 402. Suppose 14*w - 3794 = s. What are the prime factors of w?
3, 5
Let w be ((-3018)/(-16))/((-1)/(-8)). Suppose -2*k + 1983 = q, w + 2450 = 4*k - 5*q. List the prime factors of k.
991
Suppose 5*z - 122183 = -n, 171080 = 7*z + 2*n - 4*n. List the prime factors of z.
2, 3, 4073
Suppose 4*p - 2082 = -6*k - 82, 0 = -4*k - 5*p + 1331. What are the prime factors of k?
2, 167
Let l = 35 - 37. Let u be l/(-9) + (-86)/(-18). Suppose u*g - 446 = -3*m - 162, 0 = g + 4*m - 50. What are the prime factors of g?
2, 29
Suppose -22 = j - 5*j - 2*x, -3*j + 13 = -2*x. Let g(w) = -7 + j*w + 2 + 9*w**2 + 4*w**3 - 8 - 3*w**3. What are the prime factors of g(-7)?
2, 5
Suppose 10*s + 19 = 11*s - r, 55 = s + 5*r. Suppose 511 = 3*x - 5*y - 0*y, -5*x = 5*y - 865. Suppose -24*k + s*k - x = 0. What are the prime factors of k?
2, 43
Let s = -132 - -139. What are the prime factors of 2/s - 15470/(-49)?
2, 79
Let v(b) = 1165*b. Let j be v(1). Suppose z = -4*z + j. List the prime factors of z.
233
Let n be (-1 + -4)*(-2)/(-15)*123. Let l = n - -76. List the prime factors of (-2)/(-4)*76/l*-9.
3, 19
Suppose 4*m - 7*m - 12 = 0. Let c be -2 - -2 - (m + 4 + 3). List the prime factors of 23/c*(-1 + -14).
5, 23
Let s = -336 - -151. Let y = 106 - s. What are the prime factors of y?
3, 97
Suppose 18*s - 24*s = -24. Let y be 427/7 - s/(-1). Suppose 4*k = -5*h + y, 5*k - 2*k = -3*h + 45. What are the prime factors of k?
2, 5
Let k(f) = f**3 - 7*f**2 + 6. Let c be k(7). Suppose -c = -9*n + 3*n. What are the prime factors of (n/(-1) - 1)*218/(-4)?
109
Suppose -4*r = -5*g - 109, -r + 6*r + 58 = -3*g. What are the prime factors of (-23758)/(-49) + (-3)/g - 1?
2, 11
Suppose 2*f - 1889 - 14224 = 5*s, 5*s = f - 8074. List the prime factors of f.
8039
Suppose -6*b + 35 = 5*z - b, 0 = z - 3*b + 1. Suppose -11*t + 12 = -z*t. List the prime factors of t*1/(-4)*-2 - -160.
7, 23
Suppose 1050 = 19*t - 13*t - 72342. List the prime factors of t.
2, 11, 139
Let o = 1021 - -626. Suppose 4*j - 4*c = 2336, 0 = -3*j + c + 709 + 1041. Suppose o = 8*f + j. What are the prime factors of f?
7, 19
Let i(b) = 14*b**2 - 130*b - 8. What are the prime factors of i(-28)?
2, 11, 83
Suppose 13*k = 10*k + 75. Let z be k/15 - 1/(-3). Suppose -68 = -2*o - z*o + 4*p, 3*o = p + 43. List the prime factors of o.
13
List the prime factors of (-849632)/(-104) + 78/169.
2, 5, 19, 43
Let q(s) = -29*s + 158. List the prime factors of q(-4).
2, 137
Let a(s) be the second derivative of -7*s**3/3 + 81*s**2/2 + 8*s + 1. What are the prime factors of a(-5)?
151
Let s(k) be the second derivative of 3*k**5/20 + k**4/12 - k**2/2 + 15*k. Let t be s(3). Let h = t - -5. List the prime factors of h.
2, 47
Suppose -12*a + 10*a + 100750 = -6*j, 151133 = 3*a - j. List the prime factors of a.
2, 25189
Let x be ((-35)/15 - -1)*(1 + -4). Suppose 0 = -x*t - 3*t + 1743. What are the prime factors of t?
3, 83
Suppose -w = 17 - 21. List the prime factors of w/16 + 6853/28.
5, 7
Suppose 3*l = -5*v + 220, l + 99 = -0*v + 2*v. Let r = v + -43. What are the prime factors of (2 - (-304)/4) + r/2?
2, 5
Suppose 13 = 7*i - 717 - 1174. List the prime factors of i.
2, 17
Let f(v) = 329*v + 2855. List the prime factors of f(0).
5, 571
Suppose 2*c + 8*p = 52364, 2*p = -3*c - p + 78501. List the prime factors of c.
2, 103, 127
Suppose 0 = -4*v + 5*j + 284 + 21238, 7*j + 10752 = 2*v. What are the prime factors of v?
7, 769
What are the prime factors of (29299/332)/(2/424)?
53, 353
Let v(t) be the third derivative of t**5/60 + t**4/24 + 4*t**3/3 - 16*t**2. Let p be v(-10). Suppose 3*f - 419 = -p. What are the prime factors of f?
107
Suppose 24*h - 6*h - 173124 = 0. What are the prime factors of h?
2, 3, 7, 229
Let f(a) = -468*a + 320. What are the prime factors of f(-3)?
2, 431
Suppose 5*s = -5*w + 101105, -2*w + 41990 = 4*s - 38904. List the prime factors of s.
2, 3, 3371
Suppose 5*c + d = 5889, 2360 = 7*c - 5*c - 4*d. Suppose -4*u + 474 = 5*o - c, o - 5*u - 313 = 0. List the prime factors of o.
2, 41
Suppose -o = 3 - 3. Suppose o = -2*n + 215 - 27. Let d = 142 - n. What are the prime factors of d?
2, 3
Suppose -x - 9*c = -4*c, 0 = 4*x - 5*c. Suppose -16 = -4*r, 2*j + x*r - 3*r = 704. List the 